 of q(2)?
6
Let r(n) = 8*n**2 + n - 20. Let s be r(-8). Let b = s - 295. What is the hundreds digit of b?
1
Let a = -948 + 1325. What is the units digit of a?
7
Suppose 0 = -4*s + 49 - 17. Let j(w) = 2*w**2 - 14*w - 9. What is the units digit of j(s)?
7
Suppose -678 = -q - 39. What is the tens digit of q?
3
Let x be (-6)/(-9) + 128/6. Suppose -34*v = -41*v + 21. What is the units digit of -1 + (v + x - 0)?
4
Let t be -1*20/((-8)/(-2)). Let d = t - 1. What is the units digit of 2/6 + (-46)/d?
8
Let u(t) be the first derivative of -t**4/4 + 4*t**3/3 + 4*t**2 - 7*t - 7. Let s be u(5). Suppose j = 13 + s. What is the tens digit of j?
2
Let l(z) = -z**3 + 11*z**2 - 2*z + 13. Let v be l(11). Let y(k) = -k**2 - 14*k - 12. What is the units digit of y(v)?
3
Let y = -660 - -958. Suppose 115 = -3*a + y. What is the tens digit of a?
6
Suppose 0 = 4*r + 106 + 2. Let s = r - -133. What is the units digit of s?
6
Let d = -388 - -391. What is the units digit of d?
3
Suppose 3*p - 5*c = 561, -2*p + 3*c - 537 = -5*p. What is the units digit of (6 + p)*2/8?
7
Suppose 0 = 4*k - 5*t - 1419, 10*k = 12*k + 4*t - 690. What is the hundreds digit of k?
3
Let v = 32 - 27. Suppose -3*z + v*z - 230 = 0. What is the hundreds digit of z?
1
Let a = 326 + 1982. What is the hundreds digit of a?
3
Suppose -5*u + 6634 + 566 = 0. Suppose -4*q + 2*z = 3*z - 1177, 5*z = 5*q - u. Suppose 6*t = -41 + q. What is the tens digit of t?
4
Let x be (-5)/(-15)*(256 - 1). Suppose -5*y + 204 = -4*r, -y + 3*y = r + 54. Let q = r + x. What is the tens digit of q?
3
Let u(f) be the third derivative of -f**5/24 - 25*f**4/24 - 4*f**3/3 - 9*f**2. Let d(q) be the first derivative of u(q). What is the tens digit of d(-14)?
4
What is the units digit of (1 + 2)/((-9)/(-18))?
6
Let c = 675 + -325. What is the hundreds digit of c?
3
Suppose 0 = v - 3*v + 12. Let f be -2 + v + (4 - 2). What is the units digit of (12*f)/3 + -1?
3
Let r(p) = -p**3 + 23*p**2 + 16*p - 45. What is the units digit of r(22)?
1
What is the tens digit of (280/100)/(1/175)?
9
Suppose 5*g - 10*z + 13*z - 3731 = 0, 5*z + 3715 = 5*g. What is the units digit of g?
5
Let h(q) = 46*q + 421. What is the hundreds digit of h(9)?
8
Let c = 36 - 23. Suppose 9*i + 324 = c*i. What is the tens digit of i?
8
Suppose 13*q - 54315 - 4302 = 0. What is the tens digit of q?
0
Let w be (15/6)/((-10)/(-8)). Let m be 0*2*w/(-8). Suppose m = -3*h + 4*h - 13. What is the tens digit of h?
1
Suppose 12 = 3*w - 0*w. Suppose -2*c + m + 11 = 0, -3*c + w*m + 26 = -c. Suppose -4*g - 2*v + 96 = 0, -2*g + 18 = c*v - 26. What is the tens digit of g?
2
Let x(u) = -32*u + 295. What is the tens digit of x(-13)?
1
Let l(s) = 5*s**2 + 2*s + 1. Suppose 11*w = 53 - 9. What is the units digit of l(w)?
9
Let d(x) = x**2 - 17*x - 559. What is the tens digit of d(-31)?
2
Let z(a) = -13*a - 2. Let j be z(-2). Let r = -11 + -20. Let t = j - r. What is the tens digit of t?
5
Let b = -656 + 1277. What is the units digit of b?
1
Let m be (-2 - 0)/(2/(-13)). Let p(b) = b**3 - 11*b**2 - 18*b + 8. What is the hundreds digit of p(m)?
1
Let r = -5 - -7. Suppose 30 = r*y - 5*y. What is the units digit of (-48)/y + (-1)/(-5)?
5
Let o(p) be the third derivative of p**5/4 - p**4/8 + 7*p**3/3 - 34*p**2. What is the tens digit of o(3)?
4
Let s(i) = -4*i**3 + 3*i**2 + i - 4. Let f be s(1). Let n(p) = -p**3 + p + 6. Let t be n(0). What is the tens digit of (t/f)/(42/(-560))?
2
Let z be (-49)/((1 - 0) + 0). Let m be 14/z + 38/(-14). What is the units digit of 3/(m/2) - -3?
1
Let m be 6/21 + (-18)/14. Let b(i) = -34*i + 1. Let a be b(m). Let u = -8 + a. What is the units digit of u?
7
Suppose 0 = -2*j - 4*s - 2, 3*s + 5 = 5*j - 16. Suppose -39 = -j*x - 5*w, 4*w = w + 9. Let k = 9 - x. What is the units digit of k?
1
Let b(v) = v**3 - 10*v**2 + 39*v - 6. What is the units digit of b(6)?
4
Let j = 13 - 13. Let p(k) = -2*k + 6. Let c be p(j). Suppose -16 = -4*d - 4*n, -3*n + 22 = 4*d + c. What is the units digit of d?
4
Let g(v) = -v + 45. Let c(h) = h + 1. Let r(b) = -3*c(b) + g(b). What is the tens digit of r(-22)?
3
Let g(s) be the second derivative of 7*s + s**2 - 1/6*s**3 + 1/4*s**5 + 0 - 1/12*s**4. What is the tens digit of g(2)?
3
Suppose 25 = 5*f + 2*q, -5 = 2*f - 3*f + 5*q. Let c(m) = -f*m + m - 4 + 0 - 6*m. What is the units digit of c(-5)?
6
Let t = 1858 - 1092. What is the units digit of t?
6
Let k(w) = -19 + 60 - 4*w + 14*w. What is the hundreds digit of k(11)?
1
Let q(c) = 34*c. Suppose -6 = -3*o - 0. Suppose -g = d - 1, 4*g + 2 = 4*d - o. What is the units digit of q(d)?
4
Let h = 20 + -11. Let q(b) be the second derivative of -b**5/20 + 2*b**4/3 + 11*b**3/6 + 11*b**2/2 + 13*b. What is the units digit of q(h)?
9
What is the tens digit of 147 - 10/(-6 + 1)?
4
Suppose 3*n + 7 = 97. Suppose 3*r + r + 3*y - 5 = 0, 0 = 2*r - 4*y - n. Suppose -12 = x - r*x. What is the units digit of x?
3
Suppose 0 = -3*y + 34 + 272. Let n = 180 - y. What is the units digit of n?
8
Let d = 54 - -157. Suppose -2*h - d = -4*z + 185, 3*z + 2*h = 311. What is the units digit of z?
1
Let c be 132/(-6) - (2 + 1). Suppose -4*f + 220 = -8*f. Let n = c - f. What is the units digit of n?
0
Let m be 3*(5 + 0 + 1). Let f be (-2)/12 - 33/m. What is the tens digit of 5*(f + (-144)/(-15))?
3
Let m = 8092 + -3769. What is the units digit of m?
3
Suppose -6*j - 68 = 34. Let t = j - -20. Let f(g) = 3*g**2 - 2*g - 3. What is the units digit of f(t)?
8
Let r(x) be the third derivative of -9*x**4/8 - 11*x**3/3 - 8*x**2. What is the units digit of r(-4)?
6
Suppose -2*i - 168 = 5*d, d = -3*i + 5*i + 144. Let b = i - -223. What is the hundreds digit of b?
1
Let v(u) = 2*u**2 - 3*u - 4. Let y be v(-4). Let k = y + 1. What is the units digit of k?
1
Suppose -6*y + 3*y + 15 = 0. Let x be (-636)/(-15) + (-2)/y. Suppose 4*p - x = -10. What is the units digit of p?
8
Let x be (-48 - -3)*(16/(-6))/(-4). Let z = x + 49. What is the units digit of z?
9
Let n(k) = 2*k**2 - 7*k + 9. Let v be n(4). Let b be v + -1 - (-13 - -12). Let q = b - 10. What is the units digit of q?
3
Suppose 26*j - 103178 = -20*j. What is the hundreds digit of j?
2
Let r(i) = 4*i**2 - 6*i + 4. Let y be r(4). Let w = y + -12. Suppose 0 = -s + 5 + w. What is the units digit of s?
7
Let b(d) = -d**2 + 2*d. Let c be b(2). Suppose c*q = 2*q - 3*p + 18, 0 = 5*q - 3*p + 36. Let h = q - -16. What is the units digit of h?
0
Suppose 911 = 4*r + 115. Let z be ((-138)/15)/((-3)/(-45)). Let f = r + z. What is the tens digit of f?
6
Suppose v - 163 = -49. Let b = v + -12. What is the units digit of b?
2
What is the hundreds digit of (1599/6)/(4 + 28/(-8))?
5
Let b(t) = -46*t**3 - 5*t - 16. What is the hundreds digit of b(-2)?
3
Let j(a) = 46*a**2 + 29*a + 82. What is the units digit of j(-6)?
4
What is the thousands digit of 24/(-216) + 97972/63?
1
What is the thousands digit of -5 - ((-37359)/35 + 10/25)?
1
Let k = 120 + -243. Let v = -15 - k. What is the units digit of v?
8
Let c(w) = -21 + 7 + 8 - 2*w. Let i be c(-5). What is the units digit of (3/9)/(i/108)?
9
Let j(o) = o**3 + 9*o**2 + 2. Let a be j(-9). Suppose -4*f + 190 = a*r, -5*r = 2*f - 59 - 24. Let u = f + -30. What is the tens digit of u?
1
What is the hundreds digit of 118/(-295) - -2017*2/10?
4
Let i(f) = 17*f**2 + 15*f - 62. What is the tens digit of i(5)?
3
Let b = 69 - 69. Suppose -2*t - 846 = -5*l, -2*l + t + b*t + 338 = 0. What is the units digit of l?
0
Suppose 4*a - 2*z - 358 = 0, 6*z - z = 3*a - 279. Suppose -5*l + a = n - 3*l, 4*l = -n + 96. What is the tens digit of n?
8
Let s = -6 - 100. Let m = -6 - s. What is the units digit of m?
0
Suppose -2*r - 3*r = 0. Suppose r = -h - h + 5*g - 22, -5*g = h - 19. What is the tens digit of (3 + h)*164/8?
4
Suppose 25 = 5*s, 4*l + 9*s = 4*s + 3297. What is the units digit of l?
8
Let d(y) = 11*y**2 - 29*y - 16. What is the hundreds digit of d(9)?
6
Let t = -2324 + 3434. What is the hundreds digit of t?
1
What is the hundreds digit of (42930/(-81))/((-1)/(-2) - 1)?
0
Suppose 2*w - 15 - 3 = 0. Suppose -4*o - w = -7*o. What is the units digit of o?
3
Let c = 2974 - 4. What is the units digit of c?
0
Suppose 4*h - r - 14235 = 0, -37*r = -4*h - 35*r + 14234. What is the tens digit of h?
5
Let m(z) = -2*z + 6. Let i be m(7). What is the tens digit of -4 - (7*i + 0)?
